me factors of 222/4 + (-2)/u.
5, 11
Let i be 1*463 - (15 + -11 - 7). Suppose -5*j = -4*r + 2797, 0 = -2*r + j + 925 + i. List the prime factors of r.
3, 7, 11
Suppose 0 = -5*z + 2*b + 1133, -678 - 17 = -3*z + 5*b. Let h = 22 + -18. Suppose 231 + z = h*j. List the prime factors of j.
2, 3, 19
Suppose -3*g = 6*c - 24048, -3*g + 109*c - 110*c = -24038. What are the prime factors of g?
2, 2003
Let o = 2372 + 1126. Suppose 266*l - 263*l = o. What are the prime factors of l?
2, 11, 53
Let v(b) = 6*b**2 + 10*b - 8. Let s(g) = 6*g**2 + 10*g - 10. Let k(z) = -3*s(z) + 4*v(z). What are the prime factors of k(7)?
2, 181
Let a(u) = 0*u**3 - 7*u**2 + 3*u**3 - 4*u - 4*u**3 + 0*u**3 + 7. Let m be a(-6). Let y = 67 + m. List the prime factors of y.
2, 31
Suppose 0 = -7*a + 5*a + 76. Suppose -a*b - 7069 = -39901. What are the prime factors of b?
2, 3
Let i = 23791 - 13344. What are the prime factors of i?
31, 337
Suppose -67*l = -60*l + 63. List the prime factors of 1425*(-5)/(l - -4).
3, 5, 19
Let z(c) = c**2 + c - 28. Let f be z(-6). List the prime factors of 4246/20*f - 6/(-15).
5, 17
Suppose 3*l - 3353 = 4*b + 4435, -4*b + 7740 = 3*l. What are the prime factors of l?
2, 647
Suppose -42*r = -31*r - 86504. List the prime factors of r.
2, 983
Suppose -373*f - 21850 = -375*f. What are the prime factors of f?
5, 19, 23
Let t = -2 - -5. Suppose -r = -t*k + 996, -45 - 614 = -2*k - r. List the prime factors of k.
331
Suppose -4*a = 5*j - 199706, 5*j - 199707 = -111*a + 108*a. What are the prime factors of j?
2, 3, 7, 317
Let o be (-3)/9 - 2/(-6). Suppose 14*f - 10*f - 228 = o. What are the prime factors of f?
3, 19
Suppose -5*p + 7*o = 5*o - 105, -5*p - 4*o + 75 = 0. What are the prime factors of (p - 20) + (0 - -253)?
2, 3, 7
Let s = -29 + 34. Suppose -s*u + 2689 - 1104 = 0. What are the prime factors of u?
317
Suppose 5*x - o + 0*o + 569 = 0, 4*x + 3*o + 440 = 0. Let i = 714 + x. What are the prime factors of i?
601
Suppose 4*q + 5*w - 71333 = 0, q = 12*w - 17*w + 17807. What are the prime factors of q?
2, 11, 811
Let o(s) = 15*s**2 + 6*s + 14. Let b = 69 - 74. What are the prime factors of o(b)?
359
Let r(c) be the second derivative of -c**4/12 + 29*c**3/6 - 31*c**2/2 + 8*c. Let s be r(21). Let m = s - 82. What are the prime factors of m?
5, 11
Let j = -563 - -564. List the prime factors of (-17)/(-153) + j + (-4876)/(-18).
2, 17
Let v(q) = -31*q**2 + 926*q + 12. What are the prime factors of v(18)?
2, 3, 7, 79
Let h be (-5)/(-3) - 1827/27. List the prime factors of (-22)/h - (-410)/3.
137
Suppose 161443 = 74*c - 55*c. List the prime factors of c.
29, 293
Suppose 0 = -6*a - 22 - 68. Let j be a/(-6)*456/15. Let i = j + -11. List the prime factors of i.
5, 13
Suppose 7*r = -2*a + 53864, -4*a - 8536 = -3*r + 14534. What are the prime factors of r?
2, 3847
Suppose -334741 + 132387 = -46*m. Suppose 12*w + 643 = m. What are the prime factors of w?
313
Let t(k) be the third derivative of k**6/120 - k**5/20 + k**4/24 - k**3/6 + 16*k**2. Let i be t(3). Suppose i*j - 21 = j. What are the prime factors of j?
3, 7
Suppose -i + 19069 = 2*q, -21*q + 9566 = -20*q - 4*i. List the prime factors of q.
2, 19, 251
Let n = 31193 - 17128. List the prime factors of n.
5, 29, 97
Suppose 0 = -5*h - 2*x + 15153 + 38311, 0 = 2*h + 2*x - 21382. What are the prime factors of h?
2, 5347
Let b(t) = 334*t + 19. What are the prime factors of b(5)?
3, 563
Let m be (-2)/(-7) - 5/(-70)*-32. Let s(a) = -6*a - 12. Let b be s(m). List the prime factors of b + 6/((-30)/(-895)).
179
Let r be 35/20 - 121625/(-20). Suppose -4772 = -13*z + r. What are the prime factors of z?
5, 167
Let w = -249 + 251. Suppose w*a - a - i - 694 = 0, 2784 = 4*a - 2*i. What are the prime factors of a?
2, 349
Let r = 9263 + -14575. List the prime factors of (3/((-30)/r))/((-4)/(-10)).
2, 83
Suppose 39*a = 46*a + 5*d - 22777, 2*a - 6497 = -5*d. What are the prime factors of a?
2, 11, 37
List the prime factors of (2/(30/40195))/((-4)/(-12)).
8039
Suppose 3*x - 123265 = -l, 0*l - 3*l = 15. What are the prime factors of 4/(-18) + 3 + x/63?
5, 131
Suppose 16422 = -16*j + 2*j. Let x = -781 - j. What are the prime factors of x?
2, 7
Suppose 4*d + 34 = n, 2*d + 2 + 12 = -n. Let o be 2/d + (-15)/(-12) + 2. Suppose o*c - 75 - 14 = -2*x, -5*x + 4*c = -257. List the prime factors of x.
7
Let i(k) = 2*k**3 + 11*k**2 - 3*k - 31. Suppose -3*q - 4*t + 2 = -2*q, -4*q + 28 = -4*t. List the prime factors of i(q).
19, 41
Let s = 6766 - -29981. What are the prime factors of s?
3, 1361
Suppose 0 = 46*t - 2*t - 106260. Suppose -t - 223 = -2*x. What are the prime factors of x?
1319
Suppose 5 = p - 0*p. Suppose -p = -3*y - 5*s, 3*s = 4*y - 4 - 22. Suppose 235 = -y*m + 10*m. What are the prime factors of m?
47
Let g(z) = z**3 + 8*z**2 - 8*z + 5. Let s be g(-9). List the prime factors of (25/s)/(2665/(-380) - -7).
5, 19
List the prime factors of ((-6)/(-18))/(36/1642896).
2, 3803
Let h = 56491 + -22612. What are the prime factors of h?
3, 23, 491
Suppose 9*s = 14*s + 5*c, 0 = 2*s - 5*c - 35. Suppose 0 = 3*y - 3*o - 574 + 85, -s*y = 5*o - 815. List the prime factors of y.
163
Let v = -5081 + 22907. What are the prime factors of v?
2, 3, 2971
Suppose r = -4*r - 70. Suppose 0*k - 33 = -w - 4*k, 3*k - 30 = -w. Let j = r + w. List the prime factors of j.
7
Let c = 85 + -51. Suppose -33*t + c*t - 5 = 0. Suppose 5*u + 2*k = 728, 725 = 2*u + 3*u + t*k. List the prime factors of u.
2, 73
Let z = 28 - 53. Let r = z - -29. Suppose r*t - 4*g = -0*t + 1060, -4*t = 2*g - 1072. What are the prime factors of t?
3, 89
Let y(u) be the third derivative of -19*u**4/24 - 37*u**3/6 + u**2 + 3*u. What are the prime factors of y(-7)?
2, 3
Suppose 0*d + 2 = -d. What are the prime factors of 1*(-1 + d) - -39?
2, 3
Let l = -79 - -75. What are the prime factors of 6/l + (-939)/(-6)?
5, 31
Let v(z) = 3929*z - 567. What are the prime factors of v(6)?
3, 7669
Let b(l) = -4*l + 28. Suppose -3*g + 30 = 2*g. Let f be b(g). List the prime factors of 0 + 3 - (-58 + f + -7).
2
Suppose v - 465 = 5*w, -2*v = -4*w - 138 - 228. Suppose b - 3*b - x = -417, -3*b + 2*x + 608 = 0. Let t = w + b. What are the prime factors of t?
2, 7
Let h be (-544)/(-48)*(417 - 1 - 2). Suppose -11*f + h + 643 = 0. What are the prime factors of f?
5, 97
Let t = 2081 + -843. List the prime factors of t.
2, 619
Let z(l) = l**2 + 4*l + 6. Let t be z(-4). Suppose 3*k = t*k - 87. List the prime factors of k.
29
Let x be ((-9)/(-27) - (-48)/(-63))*-7. Let h(w) be the second derivative of 2*w**5/5 + w**3/6 - w**2/2 + 7*w. List the prime factors of h(x).
2, 109
Suppose 0 = -4*a + 18 + 18. Suppose -a*w = 3*w - 4608. List the prime factors of w.
2, 3
Let o(r) = -r**2 + 20*r - 12. Let c be o(9). What are the prime factors of (-7 - 0) + 10 + c?
2, 3, 5
Let d(u) = 8*u**2 + 5*u + 7. Let p be d(-3). Suppose 71 = 5*v - p. Suppose -8 = k - 4*f, -5*k + 2*f = -5 - v. List the prime factors of k.
2
Let n(p) = 0*p**3 - 33 + p**3 + 14*p**2 - 316*p + 296*p. Let l be n(-15). What are the prime factors of (-2 - l)/(1/((-1)/2))?
2, 11
Let t(c) = 257*c**2 + 39*c + 334. What are the prime factors of t(-9)?
2, 5, 13
Let m = -571 - -574. Suppose 5*c - 3*c - x = 199, 0 = m*c - 3*x - 294. What are the prime factors of c?
101
Suppose 5*a + 2*q - 221457 = 0, 210*q - 213*q = -a + 44288. List the prime factors of a.
13, 3407
Let f(w) = w**2 - 11*w + 22. Let i be f(7). Let k be (i/(-4))/((-8)/(-80)). Suppose -k*q + 92 = -11*q. What are the prime factors of q?
23
Suppose 0 = -4*k + 4*r - 12, r - 4 = 2*k - 2*r. Let d be ((-6)/(-15) - -2) + 2/k. Suppose 2*n = 3*p - 0*p + 76, 76 = d*n + p. What are the prime factors of n?
2, 19
Let k be (-17)/(-85) - -2*(-2)/20. Suppose -q - 4 = k, -y = 4*q + 4 - 93. Suppose 20*n - 17*n = y. What are the prime factors of n?
5, 7
List the prime factors of 18645840/4788 - (1 + 5/(-7)).
2, 3, 11, 59
Suppose 9*z - 28645 - 83288 = 0. What are the prime factors of z?
12437
Suppose 0 = -2*m + 1610 + 376. Suppose -m - 999 = -8*u. Suppose f + 2*f = u. What are the prime factors of f?
83
Let f(m) be the second derivative of m**4/2 + m**3 - 3*m**2 - m. Let j(g) = -46*g + 187. Let d be j(4). List the prime factors of f(d).
2, 3, 11
Let g = 201 + 147. Let y = g + -213. List the prime factors of y.
3, 5
Let c = -36751 - -61265. 